f 13303?
0
What is the hundreds digit of 4007?
0
What is the tens digit of 399?
9
What is the tens digit of 2168?
6
What is the hundreds digit of 411?
4
What is the thousands digit of 80372?
0
What is the tens digit of 2235?
3
What is the units digit of 849?
9
What is the tens digit of 203?
0
What is the thousands digit of 10011?
0
What is the thousands digit of 1547?
1
What is the thousands digit of 1416?
1
What is the thousands digit of 11232?
1
What is the tens digit of 2236?
3
What is the units digit of 2176?
6
What is the hundreds digit of 30381?
3
What is the thousands digit of 34576?
4
What is the units digit of 1158?
8
What is the hundreds digit of 11269?
2
What is the units digit of 5453?
3
What is the hundreds digit of 655?
6
What is the thousands digit of 2770?
2
What is the thousands digit of 1019?
1
What is the hundreds digit of 170522?
5
What is the ten thousands digit of 59298?
5
What is the tens digit of 981?
8
What is the thousands digit of 1166?
1
What is the units digit of 772?
2
What is the units digit of 1545?
5
What is the hundreds digit of 358?
3
What is the ten thousands digit of 26909?
2
What is the units digit of 31560?
0
What is the hundreds digit of 134?
1
What is the thousands digit of 16305?
6
What is the ten thousands digit of 32123?
3
What is the tens digit of 99?
9
What is the units digit of 9584?
4
What is the thousands digit of 5573?
5
What is the hundreds digit of 20689?
6
What is the thousands digit of 2398?
2
What is the tens digit of 5103?
0
What is the tens digit of 833?
3
What is the thousands digit of 7060?
7
What is the thousands digit of 4933?
4
What is the thousands digit of 19942?
9
What is the units digit of 12620?
0
What is the hundreds digit of 8174?
1
What is the units digit of 1768?
8
What is the hundreds digit of 22377?
3
What is the tens digit of 97750?
5
What is the hundreds digit of 1607?
6
What is the units digit of 33866?
6
What is the thousands digit of 106988?
6
What is the hundreds digit of 113?
1
What is the units digit of 78?
8
What is the hundreds digit of 907?
9
What is the units digit of 7468?
8
What is the ten thousands digit of 92289?
9
What is the tens digit of 2193?
9
What is the units digit of 6621?
1
What is the units digit of 54861?
1
What is the tens digit of 2704?
0
What is the tens digit of 130421?
2
What is the hundreds digit of 8917?
9
What is the hundreds digit of 1203?
2
What is the thousands digit of 65701?
5
What is the hundreds digit of 5953?
9
What is the units digit of 91?
1
What is the thousands digit of 2135?
2
What is the units digit of 24601?
1
What is the hundreds digit of 16284?
2
What is the tens digit of 17145?
4
What is the thousands digit of 17599?
7
What is the tens digit of 2865?
6
What is the units digit of 35813?
3
What is the units digit of 1619?
9
What is the units digit of 383?
3
What is the thousands digit of 32388?
2
What is the units digit of 23436?
6
What is the tens digit of 2275?
7
What is the hundreds digit of 281?
2
What is the tens digit of 18223?
2
What is the units digit of 7152?
2
What is the ten thousands digit of 15247?
1
What is the thousands digit of 1808?
1
What is the units digit of 61917?
7
What is the tens digit of 1378?
7
What is the hundreds digit of 35396?
3
What is the thousands digit of 2369?
2
What is the tens digit of 1277?
7
What is the tens digit of 5117?
1
What is the tens digit of 60230?
3
What is the tens digit of 2843?
4
What is the tens digit of 356?
5
What is the units digit of 169?
9
What is the tens digit of 527?
2
What is the hundreds digit of 198409?
4
What is the hundreds digit of 1226?
2
What is the ten thousands digit of 22632?
2
What is the thousands digit of 2984?
2
What is the thousands digit of 13598?
3
What is the hundreds digit of 15120?
1
What is the thousands digit of 2952?
2
What is the thousands digit of 7446?
7
What is the tens digit of 5407?
0
What is the hundreds digit of 6905?
9
What is the hundreds digit of 3505?
5
What is the tens digit of 23?
2
What is the hundreds digit of 11906?
9
What is the ten thousands digit of 47132?
4
What is the thousands digit of 39438?
9
What is the units digit of 9980?
0
What is the hundreds digit of 900?
9
What is the hundred thousands digit of 139084?
1
What is the hundreds digit of 1731?
7
What is the ten thousands digit of 66675?
6
What is the hundreds digit of 5420?
4
What is the units digit of 1396?
6
What is the units digit of 1208?
8
What is the units digit of 32072?
2
What is the units digit of 1571?
1
What is the units digit of 58672?
2
What is the units digit of 4840?
0
What is the thousands digit of 1912?
1
What is the ten thousands digit of 91251?
9
What is the tens digit of 414?
1
What is the thousands digit of 7408?
7
What is the units digit of 74805?
5
What is the ten thousands digit of 10088?
1
What is the hundreds digit of 5681?
6
What is the hundreds digit of 2212?
2
What is the hundreds digit of 990?
9
What is the tens digit of 7186?
8
What is the units digit of 395?
5
What is the units digit of 1087?
7
What is the units digit of 16673?
3
What is the hundreds digit of 118187?
1
What is the tens digit of 81242?
4
What is the ten thousands digit of 73979?
7
What is the hundreds digit of 159?
1
What is the thousands digit of 21065?
1
What is the hundreds digit of 9406?
4
What is the units digit of 1284?
4
What is the tens digit of 2388?
8
What is the units digit of 185?
5
What is the hundreds digit of 45600?
6
What is the units digit of 32006?
6
What is the units digit of 9010?
0
What is the tens digit of 116585?
8
What is the tens digit of 531?
3
What is the thousands digit of 2526?
2
What is the thousands digit of 14594?
4
What is the thousands digit of 8647?
8
What is the units digit of 14555?
5
What is the thousands digit of 3146?
3
What is the hundreds digit of 1280?
2
What is the thousands digit of 17438?
7
What is the tens digit of 87476?
7
What is the hundreds digit of 457?
4
What is the units digit of 8011?
1
What is the hundreds digit of 672?
6
What is the thousands digit of 8473?
8
What is the tens digit of 54?
5
What is the thousands digit of 14972?
4
What is the tens digit of 48891?
9
What is the hundreds digit of 12592?
5
What is the thousands digit of 1435?
1
What is the tens digit of 3858?
5
What is the tens digit of 15443?
4
What is the units digit of 2748?
8
What is the thousands digit of 17045?
7
What is the tens digit of 36615?
1
What is the units digit of 6453?
3
What is the tens digit of 26318?
1
What is the units digit of 30988?
8
What is the units digit of 57061?
1
What is the tens digit of 2446?
4
What is the thousands digit of 3156?
3
What is the ten thousands digit of 21126?
2
What is the ten thousands digit of 79934?
7
What is the ten thousands digit of 19617?
1
What is the units digit of 632?
2
What is the units digit of 5460?
0
What is the thousands digit of 5747?
5
What is the hundreds digit of 1054?
0
What is the tens digit of 2684?
8
What is the units digit of 2502?
2
What is the hundreds digit of 5211?
2
What is the hundreds digit of 30089?
0
What is the thousands digit of 11804?
1
What is the thousands digit of 6884?
6
What is the tens digit of 14842?
4
What is the ten thousands digit of 62430?
6
What is the tens digit of 29756?
5
What is the hundreds digit of 38226?
2
What is the hundreds digit of 198?
1
What is the units digit of 3104?
4
What is the tens digit of 25895?
9
What is the units digit of 4058?
8
What is the hundreds digit of 995?
9
What is the hundreds digit of 1154?
1
What is the tens digit of 15200?
0
What is the ten thousands digit of 46456?
4
What is the units digit of 19577?
7
What is the thousands digit of 1366?
1
What is the units digit of 10525?
5
What is the thousands digit of 116398?
6
What is the hundreds digit of 26901?
9
What is the tens digit of 2145?
4
What is the ten thousands digit of 11714?
1
What is the units digit of 115603?
3
What is the units digit of 9160?
0
What is the hundreds digit of 4157?
1
What is the hundreds digit of 1770?
7
What is the thousands digit of 1075?
1
What is the hundreds digit of 23497?
4
What is the hundreds digit of 39999?
9
What is the thousands digit of 31375?
1
What is the thousands digit of 6101?
6
What is the hundreds digit of 137990?
9
Wh